y(c) = -3*c**3 + 3*c**2 + 2*c - 41. Let r = 453 + -460. List the prime factors of y(r).
19, 59
Let b(y) = -y**3 + 7*y**2 + 10*y - 1. Let c be b(-3). Suppose -581 + c = -v. List the prime factors of v.
2, 3, 29
Let j(b) = -b**3 - 6*b**2 + 5*b + 3. Let n be 26/(-4) - (-3)/2. Let r be j(n). Let z = 81 + r. What are the prime factors of z?
2, 17
Suppose 19*i - 20*i = 5*d - 382354, -5*i = 30. What are the prime factors of d?
2, 11, 79
Let a(j) = -j**2 - 7*j + 6. Let b be a(-4). Suppose 4*c + 1418 = 2*t, -5*t - b*c + 3557 = -16*c. What are the prime factors of t?
3, 79
Suppose 2*z - 5*b - 13 = 0, -4*z + 3*b + 0*b = -5. Let u be (-171)/(-12) - z - (-12)/16. Suppose -u*y = -17*y + 15. What are the prime factors of y?
3, 5
Let d = -2479 - -20673. List the prime factors of d.
2, 11, 827
Let g = -94 - 304. Let l = g + 1439. What are the prime factors of l?
3, 347
Suppose -12*y + 236682 = 42*y. List the prime factors of y.
3, 487
Let k = 170 - 164. Suppose 2*b + 1744 = 5*r, 4*b - 6*b + k = 0. What are the prime factors of r?
2, 5, 7
Let a = -58 - -113. Suppose 2*h + 3*h = a. Suppose h*f = 530 + 911. What are the prime factors of f?
131
Suppose -3*c - 17*c - 23120 = 0. Let h = c - -1750. What are the prime factors of h?
2, 3, 11
Let i(g) = -35*g + 5777. What are the prime factors of i(109)?
2, 3, 109
Suppose -618*j + 616*j = -z + 10331, 0 = -z - j + 10328. List the prime factors of z.
3, 11, 313
Suppose -16540 = -13*y + 38510 + 36951. List the prime factors of y.
3, 7, 337
Suppose 13*r = 58 - 19. Let k(q) = 5*q**3 + 4*q**2 - 3*q - 4. List the prime factors of k(r).
2, 79
Let l = 654 + -655. What are the prime factors of 1 + 1 + (l - -5389)/4?
19, 71
Let k be (-11)/(-1) - 112/16. List the prime factors of 2/(-9) + (-8239)/(-396)*k.
83
What are the prime factors of (-2)/(202764/28968 + -7)?
2, 17, 71
What are the prime factors of (-682)/616 + (-1)/7 - 230436/(-16)?
14401
Suppose -3*g - 112 = -10*g. Let q = 24 + g. List the prime factors of q.
2, 5
Let k(h) = -14*h**3 - 5*h**2 + 23*h + 85. List the prime factors of k(-3).
349
What are the prime factors of (-141)/(((-6)/200)/((-20)/(-50)))?
2, 5, 47
Suppose -2*b = 10*b - 12. Let k(y) = 512*y**3 - 7*y + 8. What are the prime factors of k(b)?
3, 19
Suppose 4*p - h - 104903 = 96085, -4*p + 200996 = h. What are the prime factors of p?
2, 11, 571
Suppose -5562 = -3*t - 2*i + 2406, -3*t + 4*i = -7986. List the prime factors of t.
2, 3, 443
Let r be (2/(-6))/(-4*7/22428). Suppose -3*l = -3*s + 348, 0 = 3*s + 4*l - 53 - r. What are the prime factors of 1/(4/12) + -2 + s?
113
Let v be -316*30/35*(-42)/8. Suppose -13*h = -10*h - v. List the prime factors of h.
2, 3, 79
Suppose -161328 = -1074*h + 1062*h. What are the prime factors of h?
2, 3361
Suppose 0 = -s - 4, 3*q - 4*s = 10306 - 285. List the prime factors of q.
5, 23, 29
Let w(j) = -119*j**3 - j**2 + j + 1. Suppose -6*m + 12 = -3*m. Suppose -m*c - 3 = -c. List the prime factors of w(c).
2, 59
Let k(o) = -1237*o**3 + 4*o**2 - 2*o + 2. Let f(b) = -b**3 - b**2 - b + 1. Let z(r) = -4*f(r) - k(r). What are the prime factors of z(1)?
17, 73
Let s = 142 - 212. List the prime factors of (-14)/2*1370/s.
137
Let o(r) be the first derivative of 7/3*r**3 - 13 + 18*r + 4*r**2 + 1/4*r**4. List the prime factors of o(-6).
2, 3
What are the prime factors of (223360/800)/(1/235)?
2, 47, 349
Let i be (-1)/2 - 394/4. Suppose -667 = 3*a - b, 2*a + 372 = 2*b - 70. Let v = i - a. What are the prime factors of v?
2, 31
Suppose 4*f - 21308 = -4*i, -2*f - i + 5705 + 4947 = 0. List the prime factors of f.
3, 5, 71
Suppose 0 = 20*c + 7*c. Let n(w) = w**3 - 2*w**2 + 3*w + 388. What are the prime factors of n(c)?
2, 97
Let d = -67 - -154. Suppose 0 = 3*p - 6*p, -j - 2*p + d = 0. List the prime factors of j.
3, 29
Let z(f) = -f**2 + 11*f - 9. Let l be z(10). Let j(t) be the third derivative of t**4/4 + 92*t**2 - 2*t. List the prime factors of j(l).
2, 3
Let q = 45 - 25. Suppose 4*z - 6 = -3*m + 7, -3*z = 5*m - 40. Suppose m*b = 9*b + q. What are the prime factors of b?
2, 5
Let q = 203 - 120. List the prime factors of (-27)/(-6)*(q/3 - 3).
3, 37
Suppose 5*n = 42 - 87, -n - 201198 = -3*z. What are the prime factors of z?
199, 337
Suppose -3*w + 128 = -3*q - 46, -5*q - 233 = -4*w. Suppose w - 1 = n. Suppose r - 5*a - 52 = -0*a, -a = -r + n. What are the prime factors of r?
3, 19
Let p(b) = -b**2 + 4*b + 5. Let h be p(4). Suppose -4*z + 1569 = h*d - 3*z, -d - 3*z = -311. List the prime factors of d.
2, 157
Suppose -2*m + 5*j + 34 = 0, 6*m - 3*m = -2*j + 32. Let o = 389 - m. List the prime factors of o.
13, 29
Let t = -8014 - -15399. List the prime factors of t.
5, 7, 211
Suppose 4*f = 2*n - 7002, -3*n - n + 6992 = -4*f. Let p be (-2)/8 - (-107)/(-4). What are the prime factors of f/(-9) + ((-12)/p)/2?
3, 5, 13
Let m(f) = 11*f**2 - 57*f - 1653. List the prime factors of m(-52).
5, 6211
What are the prime factors of 14/238 + (-5)/(340/(-211544))?
3, 17, 61
Let f(g) = g**3 - 8*g**2 + 7*g + 5. Let j be f(7). Suppose 0 = 2*h - j + 1. Suppose 4*r - 11 = 3*w, 2*r + 2 = h*w + 2*w. What are the prime factors of w?
3
Let o(f) = 10*f**3 - 4*f**2 + 80*f - 463. What are the prime factors of o(7)?
3331
Let c(w) = -w**3 + 6*w**2 + 55*w - 18. Let i be c(-18). Suppose 0 = -11*b + 20*b - i. List the prime factors of b.
2, 47
Let h be (4 + 16)*(-159)/(-6). Suppose -5*x = 5*w - x + h, 3*x = -4*w - 424. Let f = 148 + w. List the prime factors of f.
2, 3, 7
Suppose 2*n + 9 = 2*o + n, n = 3*o - 13. Let v(q) = -2*q**2 + 7*q - 4. Let s be v(o). Let y = s + 37. What are the prime factors of y?
29
Let z be 74/4 - 12/24. Suppose z*k = 8*k + 4000. Let l = k - 257. List the prime factors of l.
11, 13
Let g(k) = 72*k - 150. List the prime factors of g(53).
2, 3, 13, 47
Suppose 231*t + 5424 = b + 229*t, -2*b + 2*t + 10834 = 0. What are the prime factors of b?
2, 5, 541
Let c be (-1)/((-1)/(-1862)) - (-7 + 3). Let y = 2900 + c. List the prime factors of y.
2, 521
Let z(x) = x + 57. Let d be z(-5). Let j = 224 + d. What are the prime factors of j?
2, 3, 23
Let x(c) = 2*c**2 - 23*c - 24. Let z be x(-1). Suppose -g + h - 547 = -1719, h = -z. What are the prime factors of g?
1171
Suppose -w + 3426 = 10*b - 39467, 3*b + 214094 = 5*w. What are the prime factors of w?
11, 17, 229
Suppose -9*u - 10 - 8 = 0. Let r be (-48)/(-8) - 3/(-6)*u. Suppose -r*q = -s - 532, -2*q + q + 96 = 5*s. What are the prime factors of q?
2, 53
Suppose -t + 4*f = 21, -f + 4*f + 7 = -t. Let i be (0 + 2/(-4))/(t/26). List the prime factors of 0 - -117 - (i - -3).
113
Let o be (0 - 202)/((-6)/21*1). Suppose -19*u + 4632 = -o. What are the prime factors of u?
281
Suppose -2*w + 222 = -2*x, -4*x = 2*w - 3*w + 123. Let j = 270 - w. What are the prime factors of j?
163
Let n be (-21)/(-35) - 3/5. Suppose 3*g - 1229 - 355 = n. List the prime factors of g.
2, 3, 11
Let j = 81724 - 14821. List the prime factors of j.
3, 29, 769
Let v(m) be the second derivative of -3*m**4/8 + 8*m**3/3 + 13*m**2 + 18*m. Let x(r) be the first derivative of v(r). What are the prime factors of x(-21)?
5, 41
Suppose 0*o + 3*o - 97986 = -4*o. What are the prime factors of o?
2, 3, 2333
Let f(a) = 33*a - 10. Let s(i) be the first derivative of 16*i**2 - 9*i + 9. Let l(b) = -5*f(b) + 6*s(b). List the prime factors of l(3).
7, 11
Suppose -6*w - 10578 = -4*k - 9*w, 0 = -5*w + 30. List the prime factors of k.
2, 3, 5, 11
Let x(i) = -3*i**3 + 2*i**2 - 9*i - 29. Suppose 28 = -32*y - 196. What are the prime factors of x(y)?
3, 43
Let n(b) = 101*b + 57. Let h(v) = 104*v + 56. Let u(m) = 4*h(m) - 5*n(m). List the prime factors of u(-5).
2, 3
Suppose 5*a - 132 = 13. Let r = a - 29. Suppose d + 1 - 3 = r. What are the prime factors of d?
2
Let s = -17 - -17. Suppose -2*o - 4*d = 346, s = -3*o + 4*d - 543 + 44. Let r = -87 - o. List the prime factors of r.
2, 41
Let a(q) be the second derivative of 5*q**4/6 - 2*q**3/3 - 12*q**2 + 23*q. List the prime factors of a(7).
2, 3, 73
Suppose 3*k + 4*x - 35789 = 0, 2*k + 3111 - 26955 = 5*x. What are the prime factors of k?
11927
Suppose -2*q - 3*l + 0*l + 20394 = 0, -5*q - 4*l + 50964 = 0. What are the prime factors of q?
2, 3, 283
Let w(q) = -48*q + 2 - 28 + 41*q. Let a(g) = -g - 1. Let v be a(10). What are the prime factors of w(v)?
3, 17
Let g(o) = o - 6.